{"id":7460,"date":"2023-07-16T10:33:01","date_gmt":"2023-07-16T08:33:01","guid":{"rendered":"https:\/\/ipermondo.it\/market\/prodotto\/siero-ciglia-e-sopracciglia-con-biotina-olio-di-lino-e-complesso-rinforzante-stimucap-10ml\/"},"modified":"2023-07-18T15:54:00","modified_gmt":"2023-07-18T13:54:00","slug":"siero-ciglia-e-sopracciglia-con-biotina-olio-di-lino-e-complesso-rinforzante-stimucap-10ml","status":"publish","type":"product","link":"https:\/\/ipermondo.it\/market\/siero-ciglia-e-sopracciglia-con-biotina-olio-di-lino-e-complesso-rinforzante-stimucap-10ml\/","title":{"rendered":"SIERO CIGLIA E SOPRACCIGLIA con Biotina, olio di Lino e complesso rinforzante Stimucap 10ml"},"content":{"rendered":"<h2>SIERO CIGLIA E SOPRACCIGLIA con Biotina, olio di Lino e complesso rinforzante Stimucap<\/h2>\n<p>Il nostro Siero Ciglia e Sopracciglia di Motiva Cosmetics \u00e8 un potente trattamento rinforzante che ti aiuter\u00e0 ad ottenere ciglia pi\u00f9 lunghe, folte e vigorose. Arricchito con una combinazione di ingredienti attivi, tra cui Biotina, olio di Lino e il complesso rinforzante Stimucap, questo siero \u00e8 progettato per stimolare efficacemente la crescita delle ciglia pi\u00f9 deboli.<\/p>\n<p>Il complesso rinforzante Stimucap insieme alla biotina, ai peptidi di vipera e alla vitamina C lavorano sinergicamente per favorire la crescita delle ciglia, donando loro maggiore lunghezza e volume. Inoltre, l&#8217;aggiunta di saw palmetto e proteine della seta intensifica il colore delle ciglia e aumenta la loro lucentezza, mentre l&#8217;equiseto e la spirulina proteggono e rinforzano le ciglia, supportando la loro crescita e rigenerazione.<\/p>\n<p>Il siero \u00e8 formulato con preziosi oli biologici di argan, jojoba e mandorle dolci, noti per le loro propriet\u00e0 ristrutturanti e filmanti, che nutrono e rigenerano le ciglia, conferendo loro forza e vitalit\u00e0. Inoltre, contiene ingredienti lenitivi, emollienti e antinfiammatori, come l&#8217;estratto di fiordaliso, l&#8217;olio di lino e il calamo aromatico, per donare comfort e protezione alle ciglia.<\/p>\n<p>Con il nostro Siero Ciglia e Sopracciglia di Motiva Cosmetics, potrai finalmente avere ciglia pi\u00f9 belle, sane e voluminose. Aggiungi questo prodotto alla tua routine di cura e preparati a mostrare uno sguardo davvero magnetico.<\/p>\n<p><strong>Azione<\/strong>: Rinforzante<br \/>\n<strong>Formato<\/strong>: 10ml<br \/>\n<strong>Profumazione<\/strong>: Senza profumi aggiunti<br \/>\n<strong>Flacone<\/strong>: Flacone nero cilindrico + scovolino<\/p>\n","protected":false},"excerpt":{"rendered":"<p>SIERO CIGLIA E SOPRACCIGLIA con Biotina, olio di Lino e complesso rinforzante Stimucap Il nostro Siero Ciglia e Sopracciglia di Motiva Cosmetics \u00e8 un potente trattamento rinforzante che ti aiuter\u00e0 ad ottenere ciglia pi\u00f9 lunghe, folte e vigorose. Arricchito con una combinazione di ingredienti attivi, tra cui Biotina, olio di Lino e il complesso rinforzante<a class=\"more-link\" href=\"https:\/\/ipermondo.it\/market\/siero-ciglia-e-sopracciglia-con-biotina-olio-di-lino-e-complesso-rinforzante-stimucap-10ml\/\">Leggi tutto &#10230;<\/a><\/p>\n","protected":false},"featured_media":7461,"comment_status":"closed","ping_status":"open","template":"","meta":{"_editorskit_title_hidden":false,"_editorskit_reading_time":0,"_editorskit_is_block_options_detached":false,"_editorskit_block_options_position":"{}","_crdt_document":"","inline_featured_image":false},"product_brand":[],"product_cat":[99,105],"product_tag":[166,167,168,169],"class_list":{"0":"post-7460","1":"product","2":"type-product","3":"status-publish","4":"has-post-thumbnail","6":"product_cat-capelli","7":"product_cat-trattamenti","8":"product_tag-ciglia","9":"product_tag-rinforzante-ciglia","10":"product_tag-siero-ciglia","11":"product_tag-sopracciglia","12":"yith_shop_vendor-motiva-cosmetics","14":"first","15":"instock","16":"shipping-taxable","17":"purchasable","18":"product-type-simple"},"yoast_head":"<!-- This site is optimized with the Yoast SEO plugin v27.0 - https:\/\/yoast.com\/product\/yoast-seo-wordpress\/ -->\n<title>SIERO CIGLIA E SOPRACCIGLIA con Biotina, olio di Lino e complesso rinforzante Stimucap 10ml - Marketplace Ipermondo<\/title>\n<meta name=\"robots\" content=\"index, follow, max-snippet:-1, max-image-preview:large, max-video-preview:-1\" \/>\n<link rel=\"canonical\" href=\"https:\/\/ipermondo.it\/market\/siero-ciglia-e-sopracciglia-con-biotina-olio-di-lino-e-complesso-rinforzante-stimucap-10ml\/\" \/>\n<meta property=\"og:locale\" content=\"it_IT\" \/>\n<meta property=\"og:type\" content=\"article\" \/>\n<meta property=\"og:title\" content=\"SIERO CIGLIA E SOPRACCIGLIA con Biotina, olio di Lino e complesso rinforzante Stimucap 10ml - Marketplace Ipermondo\" \/>\n<meta property=\"og:description\" content=\"SIERO CIGLIA E SOPRACCIGLIA con Biotina, olio di Lino e complesso rinforzante Stimucap Il nostro Siero Ciglia e Sopracciglia di Motiva Cosmetics \u00e8 un potente trattamento rinforzante che ti aiuter\u00e0 ad ottenere ciglia pi\u00f9 lunghe, folte e vigorose. Arricchito con una combinazione di ingredienti attivi, tra cui Biotina, olio di Lino e il complesso rinforzanteLeggi tutto &#10230;\" \/>\n<meta property=\"og:url\" content=\"https:\/\/ipermondo.it\/market\/siero-ciglia-e-sopracciglia-con-biotina-olio-di-lino-e-complesso-rinforzante-stimucap-10ml\/\" \/>\n<meta property=\"og:site_name\" content=\"Marketplace Ipermondo\" \/>\n<meta property=\"article:modified_time\" content=\"2023-07-18T13:54:00+00:00\" \/>\n<meta property=\"og:image\" content=\"https:\/\/ipermondo.it\/market\/wp-content\/uploads\/2023\/07\/rinforzante-ciglia.jpg\" \/>\n\t<meta property=\"og:image:width\" content=\"1000\" \/>\n\t<meta property=\"og:image:height\" content=\"1000\" \/>\n\t<meta property=\"og:image:type\" content=\"image\/jpeg\" \/>\n<meta name=\"twitter:card\" content=\"summary_large_image\" \/>\n<meta name=\"twitter:label1\" content=\"Tempo di lettura stimato\" \/>\n\t<meta name=\"twitter:data1\" content=\"1 minuto\" \/>\n<script type=\"application\/ld+json\" class=\"yoast-schema-graph\">{\"@context\":\"https:\/\/schema.org\",\"@graph\":[{\"@type\":\"WebPage\",\"@id\":\"https:\/\/ipermondo.it\/market\/siero-ciglia-e-sopracciglia-con-biotina-olio-di-lino-e-complesso-rinforzante-stimucap-10ml\/\",\"url\":\"https:\/\/ipermondo.it\/market\/siero-ciglia-e-sopracciglia-con-biotina-olio-di-lino-e-complesso-rinforzante-stimucap-10ml\/\",\"name\":\"SIERO CIGLIA E SOPRACCIGLIA con Biotina, olio di Lino e complesso rinforzante Stimucap 10ml - Marketplace Ipermondo\",\"isPartOf\":{\"@id\":\"https:\/\/ipermondo.it\/market\/#website\"},\"primaryImageOfPage\":{\"@id\":\"https:\/\/ipermondo.it\/market\/siero-ciglia-e-sopracciglia-con-biotina-olio-di-lino-e-complesso-rinforzante-stimucap-10ml\/#primaryimage\"},\"image\":{\"@id\":\"https:\/\/ipermondo.it\/market\/siero-ciglia-e-sopracciglia-con-biotina-olio-di-lino-e-complesso-rinforzante-stimucap-10ml\/#primaryimage\"},\"thumbnailUrl\":\"https:\/\/ipermondo.it\/market\/wp-content\/uploads\/2023\/07\/rinforzante-ciglia.jpg\",\"datePublished\":\"2023-07-16T08:33:01+00:00\",\"dateModified\":\"2023-07-18T13:54:00+00:00\",\"breadcrumb\":{\"@id\":\"https:\/\/ipermondo.it\/market\/siero-ciglia-e-sopracciglia-con-biotina-olio-di-lino-e-complesso-rinforzante-stimucap-10ml\/#breadcrumb\"},\"inLanguage\":\"it-IT\",\"potentialAction\":[{\"@type\":\"ReadAction\",\"target\":[\"https:\/\/ipermondo.it\/market\/siero-ciglia-e-sopracciglia-con-biotina-olio-di-lino-e-complesso-rinforzante-stimucap-10ml\/\"]}]},{\"@type\":\"ImageObject\",\"inLanguage\":\"it-IT\",\"@id\":\"https:\/\/ipermondo.it\/market\/siero-ciglia-e-sopracciglia-con-biotina-olio-di-lino-e-complesso-rinforzante-stimucap-10ml\/#primaryimage\",\"url\":\"https:\/\/ipermondo.it\/market\/wp-content\/uploads\/2023\/07\/rinforzante-ciglia.jpg\",\"contentUrl\":\"https:\/\/ipermondo.it\/market\/wp-content\/uploads\/2023\/07\/rinforzante-ciglia.jpg\",\"width\":1000,\"height\":1000,\"caption\":\"rinforzante ciglia\"},{\"@type\":\"BreadcrumbList\",\"@id\":\"https:\/\/ipermondo.it\/market\/siero-ciglia-e-sopracciglia-con-biotina-olio-di-lino-e-complesso-rinforzante-stimucap-10ml\/#breadcrumb\",\"itemListElement\":[{\"@type\":\"ListItem\",\"position\":1,\"name\":\"Home\",\"item\":\"https:\/\/ipermondo.it\/market\/\"},{\"@type\":\"ListItem\",\"position\":2,\"name\":\"Shop\",\"item\":\"https:\/\/ipermondo.it\/market\/shop\/\"},{\"@type\":\"ListItem\",\"position\":3,\"name\":\"SIERO CIGLIA E SOPRACCIGLIA con Biotina, olio di Lino e complesso rinforzante Stimucap 10ml\"}]},{\"@type\":\"WebSite\",\"@id\":\"https:\/\/ipermondo.it\/market\/#website\",\"url\":\"https:\/\/ipermondo.it\/market\/\",\"name\":\"Marketplace Ipermondo\",\"description\":\"\",\"publisher\":{\"@id\":\"https:\/\/ipermondo.it\/market\/#organization\"},\"potentialAction\":[{\"@type\":\"SearchAction\",\"target\":{\"@type\":\"EntryPoint\",\"urlTemplate\":\"https:\/\/ipermondo.it\/market\/?s={search_term_string}\"},\"query-input\":{\"@type\":\"PropertyValueSpecification\",\"valueRequired\":true,\"valueName\":\"search_term_string\"}}],\"inLanguage\":\"it-IT\"},{\"@type\":\"Organization\",\"@id\":\"https:\/\/ipermondo.it\/market\/#organization\",\"name\":\"Marketplace Ipermondo\",\"url\":\"https:\/\/ipermondo.it\/market\/\",\"logo\":{\"@type\":\"ImageObject\",\"inLanguage\":\"it-IT\",\"@id\":\"https:\/\/ipermondo.it\/market\/#\/schema\/logo\/image\/\",\"url\":\"https:\/\/ipermondo.it\/market\/wp-content\/uploads\/2023\/07\/cropped-logo-ipermondo-new.png\",\"contentUrl\":\"https:\/\/ipermondo.it\/market\/wp-content\/uploads\/2023\/07\/cropped-logo-ipermondo-new.png\",\"width\":240,\"height\":50,\"caption\":\"Marketplace Ipermondo\"},\"image\":{\"@id\":\"https:\/\/ipermondo.it\/market\/#\/schema\/logo\/image\/\"}}]}<\/script>\n<!-- \/ Yoast SEO plugin. -->","yoast_head_json":{"title":"SIERO CIGLIA E SOPRACCIGLIA con Biotina, olio di Lino e complesso rinforzante Stimucap 10ml - Marketplace Ipermondo","robots":{"index":"index","follow":"follow","max-snippet":"max-snippet:-1","max-image-preview":"max-image-preview:large","max-video-preview":"max-video-preview:-1"},"canonical":"https:\/\/ipermondo.it\/market\/siero-ciglia-e-sopracciglia-con-biotina-olio-di-lino-e-complesso-rinforzante-stimucap-10ml\/","og_locale":"it_IT","og_type":"article","og_title":"SIERO CIGLIA E SOPRACCIGLIA con Biotina, olio di Lino e complesso rinforzante Stimucap 10ml - Marketplace Ipermondo","og_description":"SIERO CIGLIA E SOPRACCIGLIA con Biotina, olio di Lino e complesso rinforzante Stimucap Il nostro Siero Ciglia e Sopracciglia di Motiva Cosmetics \u00e8 un potente trattamento rinforzante che ti aiuter\u00e0 ad ottenere ciglia pi\u00f9 lunghe, folte e vigorose. Arricchito con una combinazione di ingredienti attivi, tra cui Biotina, olio di Lino e il complesso rinforzanteLeggi tutto &#10230;","og_url":"https:\/\/ipermondo.it\/market\/siero-ciglia-e-sopracciglia-con-biotina-olio-di-lino-e-complesso-rinforzante-stimucap-10ml\/","og_site_name":"Marketplace Ipermondo","article_modified_time":"2023-07-18T13:54:00+00:00","og_image":[{"width":1000,"height":1000,"url":"https:\/\/ipermondo.it\/market\/wp-content\/uploads\/2023\/07\/rinforzante-ciglia.jpg","type":"image\/jpeg"}],"twitter_card":"summary_large_image","twitter_misc":{"Tempo di lettura stimato":"1 minuto"},"schema":{"@context":"https:\/\/schema.org","@graph":[{"@type":"WebPage","@id":"https:\/\/ipermondo.it\/market\/siero-ciglia-e-sopracciglia-con-biotina-olio-di-lino-e-complesso-rinforzante-stimucap-10ml\/","url":"https:\/\/ipermondo.it\/market\/siero-ciglia-e-sopracciglia-con-biotina-olio-di-lino-e-complesso-rinforzante-stimucap-10ml\/","name":"SIERO CIGLIA E SOPRACCIGLIA con Biotina, olio di Lino e complesso rinforzante Stimucap 10ml - Marketplace Ipermondo","isPartOf":{"@id":"https:\/\/ipermondo.it\/market\/#website"},"primaryImageOfPage":{"@id":"https:\/\/ipermondo.it\/market\/siero-ciglia-e-sopracciglia-con-biotina-olio-di-lino-e-complesso-rinforzante-stimucap-10ml\/#primaryimage"},"image":{"@id":"https:\/\/ipermondo.it\/market\/siero-ciglia-e-sopracciglia-con-biotina-olio-di-lino-e-complesso-rinforzante-stimucap-10ml\/#primaryimage"},"thumbnailUrl":"https:\/\/ipermondo.it\/market\/wp-content\/uploads\/2023\/07\/rinforzante-ciglia.jpg","datePublished":"2023-07-16T08:33:01+00:00","dateModified":"2023-07-18T13:54:00+00:00","breadcrumb":{"@id":"https:\/\/ipermondo.it\/market\/siero-ciglia-e-sopracciglia-con-biotina-olio-di-lino-e-complesso-rinforzante-stimucap-10ml\/#breadcrumb"},"inLanguage":"it-IT","potentialAction":[{"@type":"ReadAction","target":["https:\/\/ipermondo.it\/market\/siero-ciglia-e-sopracciglia-con-biotina-olio-di-lino-e-complesso-rinforzante-stimucap-10ml\/"]}]},{"@type":"ImageObject","inLanguage":"it-IT","@id":"https:\/\/ipermondo.it\/market\/siero-ciglia-e-sopracciglia-con-biotina-olio-di-lino-e-complesso-rinforzante-stimucap-10ml\/#primaryimage","url":"https:\/\/ipermondo.it\/market\/wp-content\/uploads\/2023\/07\/rinforzante-ciglia.jpg","contentUrl":"https:\/\/ipermondo.it\/market\/wp-content\/uploads\/2023\/07\/rinforzante-ciglia.jpg","width":1000,"height":1000,"caption":"rinforzante ciglia"},{"@type":"BreadcrumbList","@id":"https:\/\/ipermondo.it\/market\/siero-ciglia-e-sopracciglia-con-biotina-olio-di-lino-e-complesso-rinforzante-stimucap-10ml\/#breadcrumb","itemListElement":[{"@type":"ListItem","position":1,"name":"Home","item":"https:\/\/ipermondo.it\/market\/"},{"@type":"ListItem","position":2,"name":"Shop","item":"https:\/\/ipermondo.it\/market\/shop\/"},{"@type":"ListItem","position":3,"name":"SIERO CIGLIA E SOPRACCIGLIA con Biotina, olio di Lino e complesso rinforzante Stimucap 10ml"}]},{"@type":"WebSite","@id":"https:\/\/ipermondo.it\/market\/#website","url":"https:\/\/ipermondo.it\/market\/","name":"Marketplace Ipermondo","description":"","publisher":{"@id":"https:\/\/ipermondo.it\/market\/#organization"},"potentialAction":[{"@type":"SearchAction","target":{"@type":"EntryPoint","urlTemplate":"https:\/\/ipermondo.it\/market\/?s={search_term_string}"},"query-input":{"@type":"PropertyValueSpecification","valueRequired":true,"valueName":"search_term_string"}}],"inLanguage":"it-IT"},{"@type":"Organization","@id":"https:\/\/ipermondo.it\/market\/#organization","name":"Marketplace Ipermondo","url":"https:\/\/ipermondo.it\/market\/","logo":{"@type":"ImageObject","inLanguage":"it-IT","@id":"https:\/\/ipermondo.it\/market\/#\/schema\/logo\/image\/","url":"https:\/\/ipermondo.it\/market\/wp-content\/uploads\/2023\/07\/cropped-logo-ipermondo-new.png","contentUrl":"https:\/\/ipermondo.it\/market\/wp-content\/uploads\/2023\/07\/cropped-logo-ipermondo-new.png","width":240,"height":50,"caption":"Marketplace Ipermondo"},"image":{"@id":"https:\/\/ipermondo.it\/market\/#\/schema\/logo\/image\/"}}]}},"jetpack_sharing_enabled":true,"_links":{"self":[{"href":"https:\/\/ipermondo.it\/market\/wp-json\/wp\/v2\/product\/7460","targetHints":{"allow":["GET"]}}],"collection":[{"href":"https:\/\/ipermondo.it\/market\/wp-json\/wp\/v2\/product"}],"about":[{"href":"https:\/\/ipermondo.it\/market\/wp-json\/wp\/v2\/types\/product"}],"replies":[{"embeddable":true,"href":"https:\/\/ipermondo.it\/market\/wp-json\/wp\/v2\/comments?post=7460"}],"wp:featuredmedia":[{"embeddable":true,"href":"https:\/\/ipermondo.it\/market\/wp-json\/wp\/v2\/media\/7461"}],"wp:attachment":[{"href":"https:\/\/ipermondo.it\/market\/wp-json\/wp\/v2\/media?parent=7460"}],"wp:term":[{"taxonomy":"product_brand","embeddable":true,"href":"https:\/\/ipermondo.it\/market\/wp-json\/wp\/v2\/product_brand?post=7460"},{"taxonomy":"product_cat","embeddable":true,"href":"https:\/\/ipermondo.it\/market\/wp-json\/wp\/v2\/product_cat?post=7460"},{"taxonomy":"product_tag","embeddable":true,"href":"https:\/\/ipermondo.it\/market\/wp-json\/wp\/v2\/product_tag?post=7460"}],"curies":[{"name":"wp","href":"https:\/\/api.w.org\/{rel}","templated":true}]}}